{"id":6748,"date":"2022-02-24T01:30:17","date_gmt":"2022-02-23T22:30:17","guid":{"rendered":"https:\/\/www.lavita.com.tr\/yeni\/?page_id=6748"},"modified":"2026-02-02T17:17:11","modified_gmt":"2026-02-02T14:17:11","slug":"tuzlu-kurabiyeler","status":"publish","type":"page","link":"https:\/\/www.lavita.com.tr\/yeni\/tuzlu-kurabiyeler\/","title":{"rendered":"Tuzlu Kurabiyeler"},"content":{"rendered":"<p>[vc_row full_width=&#8221;stretch_row&#8221; background_image=&#8221;7146&#8243; background_position=&#8221;center&#8221;][vc_column][tm_spacer size=&#8221;lg:200&#8243;][tm_heading custom_google_font=&#8221;&#8221; font_weight=&#8221;700&#8243; text_transform=&#8221;uppercase&#8221; align=&#8221;center&#8221; text_color=&#8221;custom&#8221; custom_text_color=&#8221;#ffffff&#8221; text=&#8221;TUZLU KURAB\u0130YELER&#8221; font_size=&#8221;sm:34;md:40;lg:46&#8243; line_height=&#8221;1.22&#8243; letter_spacing=&#8221;3px&#8221;][tm_spacer size=&#8221;lg:100&#8243;][\/vc_column][\/vc_row][vc_row][vc_column][tm_spacer size=&#8221;lg:30&#8243;][\/vc_column][\/vc_row][vc_row hide_background_image=&#8221;sm&#8221; background_size=&#8221;contain&#8221; lg_spacing=&#8221;margin_top:270;margin_right:-100;margin_bottom:157&#8243; background_image=&#8221;7146&#8243; background_position=&#8221;top right&#8221; md_spacing=&#8221;margin_top:100&#8243; sm_spacing=&#8221;margin_bottom:120&#8243;][vc_column lg_spacing=&#8221;padding_right:30;padding_left:30&#8243; offset=&#8221;vc_col-md-6&#8243;][vc_row_inner background_color=&#8221;custom&#8221; custom_background_color=&#8221;#faf7f4&#8243; lg_spacing=&#8221;margin_top:-177;margin_right:50;margin_bottom:70;margin_left:-70;padding_top:52;padding_right:27;padding_bottom:66;padding_left:27&#8243; sm_spacing=&#8221;margin_top:400;margin_bottom:0&#8243;][vc_column_inner][tm_heading custom_google_font=&#8221;&#8221; font_weight=&#8221;400&#8243; align=&#8221;center&#8221; text_color=&#8221;primary&#8221; el_class=&#8221;secondary-font&#8221; text=&#8221;La Vita F\u0131r\u0131n\u0131ndan&#8221; font_size=&#8221;sm:28;md:34;lg:40&#8243; line_height=&#8221;1.4&#8243;][tm_spacer size=&#8221;lg:2&#8243;][tm_heading custom_google_font=&#8221;&#8221; font_weight=&#8221;700&#8243; text_transform=&#8221;uppercase&#8221; align=&#8221;center&#8221; text=&#8221;TUZLU KURAB\u0130YELER&#8221; font_size=&#8221;sm:34;md:40;lg:46&#8243; line_height=&#8221;1.22&#8243; letter_spacing=&#8221;3px&#8221;][tm_spacer size=&#8221;lg:53&#8243;][tm_restaurant_menu style=&#8221;2&#8243; items=&#8221;%5B%7B%22title%22%3A%22Peynirli%20B%C3%B6rekitas%22%2C%22text%22%3A%22Yumu%C5%9Fac%C4%B1k%20hamur%20i%C3%A7inde%20gizli%20enfes%20peynir%20lezzeti%E2%80%A6%22%2C%22price%22%3A%221000%20TL%20%2F%20Kg%22%7D%2C%7B%22title%22%3A%22Ispanakl%C4%B1%20B%C3%B6rekitas%22%2C%22text%22%3A%22Yumu%C5%9Fac%C4%B1k%20hamur%20i%C3%A7inde%20gizli%20enfes%20%C4%B1spanak%20lezzeti%E2%80%A6%22%2C%22price%22%3A%221000%20TL%20%2F%20Kg%22%7D%2C%7B%22title%22%3A%22Zeytinli%20B%C3%B6rekitas%22%2C%22text%22%3A%22Yumu%C5%9Fac%C4%B1k%20hamur%20i%C3%A7inde%20gizli%20enfes%20zeytinli%20lezzet&#8230;%22%2C%22price%22%3A%221000%20TL%20%2F%20Kg%22%7D%2C%7B%22title%22%3A%22Dereotlu%20Peynirli%20B%C3%B6rekitas%22%2C%22text%22%3A%22Nefis%20hamur%20i%C3%A7inde%20saklanm%C4%B1%C5%9F%20dereotu%20ve%20peynirin%20e%C5%9Fsiz%20uyumu..%22%2C%22price%22%3A%221000%20TL%20%2F%20Kg%22%7D%2C%7B%22title%22%3A%22Patatesli%20B%C3%B6rekitas%22%2C%22text%22%3A%22Yumu%C5%9Fac%C4%B1k%20nefis%20hamur%20i%C3%A7inde%20gizli%20ha%C5%9Flanm%C4%B1%C5%9F%20patates..%22%2C%22price%22%3A%221000%20TL%20%2F%20Kg%22%7D%2C%7B%22title%22%3A%22Dereotlu%20Kornet%22%2C%22text%22%3A%22Krem%20peynir%20dolgulu%2C%20dereotlu%20nefis%20%C3%A7%C4%B1t%C4%B1r%20kornet..%22%2C%22price%22%3A%221000%20TL%20%2F%20Kg%22%7D%2C%7B%22title%22%3A%22Sebzeli%20Kornet%22%2C%22text%22%3A%22Krem%20peynir%20dolgulu%2C%20dereotlu%20nefis%20%C3%A7%C4%B1t%C4%B1r%20kornet..%22%2C%22price%22%3A%221000%20TL%20%2F%20Kg%22%7D%2C%7B%22title%22%3A%22Patl%C4%B1canl%C4%B1%20Kornet%22%2C%22text%22%3A%22Krem%20peynir%20dolgulu%2C%20dereotlu%20nefis%20%C3%A7%C4%B1t%C4%B1r%20kornet..%22%2C%22price%22%3A%221000%20TL%20%2F%20Kg%22%7D%2C%7B%22title%22%3A%22Safranl%C4%B1%20Dereotlu%20Sufle%22%2C%22text%22%3A%22Yumu%C5%9Fac%C4%B1k%2C%20safranl%C4%B1%2C%20dereotlu%2C%20tuzlu%20sufle.%22%2C%22price%22%3A%221000%20TL%20%2F%20Kg%22%7D%2C%7B%22title%22%3A%22D%C3%BCz%20%C3%96rg%C3%BC%20Chester%22%2C%22text%22%3A%22Nefis%20mi%20nefis%2C%20%C3%A7%C3%B6rek%20otlu%20%C3%B6rg%C3%BC%20chester%20kurabiye.%22%2C%22price%22%3A%221000%20TL%20%2F%20Kg%22%7D%2C%7B%22title%22%3A%22Yuvarlak%20%C3%96rg%C3%BC%20Chester%22%2C%22text%22%3A%22Nefis%20mi%20nefis%2C%20%C3%A7%C3%B6rek%20otlu%20%C3%B6rg%C3%BC%20chester%20kurabiye.%22%2C%22price%22%3A%221000%20TL%20%2F%20Kg%22%7D%2C%7B%22title%22%3A%22Minik%20Simit%22%2C%22text%22%3A%22Nefis%20mi%20nefis%2C%20%C3%A7%C3%B6rek%20otlu%20%C3%B6rg%C3%BC%20chester%20kurabiye.%22%2C%22price%22%3A%221000%20TL%20%2F%20Kg%22%7D%5D&#8221;][\/vc_column_inner][\/vc_row_inner][\/vc_column][vc_column offset=&#8221;vc_col-md-6&#8243;][\/vc_column][\/vc_row][vc_row background_size=&#8221;manual&#8221; background_image=&#8221;7150&#8243; background_size_manual=&#8221;70%&#8221;][vc_column offset=&#8221;vc_col-md-6&#8243;][\/vc_column][vc_column lg_spacing=&#8221;padding_right:30;padding_left:30&#8243; offset=&#8221;vc_col-md-6&#8243;][vc_row_inner background_color=&#8221;custom&#8221; custom_background_color=&#8221;#faf7f4&#8243; lg_spacing=&#8221;margin_top:-155;padding_top:52;padding_right:27;padding_bottom:66;padding_left:27&#8243; xs_spacing=&#8221;margin_top:400&#8243;][vc_column_inner][tm_heading custom_google_font=&#8221;&#8221; font_weight=&#8221;400&#8243; align=&#8221;center&#8221; text_color=&#8221;primary&#8221; el_class=&#8221;secondary-font&#8221; text=&#8221;La Vita F\u0131r\u0131n\u0131ndan&#8221; font_size=&#8221;sm:28;md:34;lg:40&#8243; line_height=&#8221;1.4&#8243;][tm_spacer size=&#8221;lg:2&#8243;][tm_heading custom_google_font=&#8221;&#8221; font_weight=&#8221;700&#8243; text_transform=&#8221;uppercase&#8221; align=&#8221;center&#8221; text=&#8221;KITIR &#038; GALET BATON SALE&#8221; font_size=&#8221;sm:34;md:40;lg:46&#8243; line_height=&#8221;1.22&#8243; letter_spacing=&#8221;3px&#8221;][tm_spacer size=&#8221;lg:53&#8243;][tm_restaurant_menu style=&#8221;2&#8243; items=&#8221;%5B%7B%22title%22%3A%22Baharatl%C4%B1%20K%C4%B1t%C4%B1r%22%2C%22text%22%3A%22%C4%B0nce%20k%C4%B1t%C4%B1r%20hamur%2C%20%C3%A7%C3%B6rek%20otu%2C%20nane%20ve%20susam%20i%C3%A7eri%C4%9Fiyle%20%C3%A7ay%C4%B1n%20yan%C4%B1na%20yak%C4%B1%C5%9F%C4%B1r%20bir%20lezzet..%22%2C%22price%22%3A%221300%20TL%20%2F%20Kg%22%7D%2C%7B%22title%22%3A%22Ka%C5%9Farl%C4%B1%20K%C4%B1t%C4%B1r%22%2C%22text%22%3A%22%C4%B0ncecik%20k%C4%B1t%C4%B1r%20k%C4%B1t%C4%B1r%20bir%20at%C4%B1%C5%9Ft%C4%B1rmal%C4%B1k..%20%C3%87ay%C4%B1n%C4%B1za%20e%C5%9Flik%20etmeye%20geldi..%22%2C%22price%22%3A%221300%20TL%20%2F%20Kg%22%7D%2C%7B%22title%22%3A%22Ac%C4%B1l%C4%B1%20K%C4%B1t%C4%B1r%22%2C%22text%22%3A%22%C4%B0ncecik%20k%C4%B1t%C4%B1r%20k%C4%B1t%C4%B1r%20bir%20at%C4%B1%C5%9Ft%C4%B1rmal%C4%B1k..%20%C3%87ay%C4%B1n%C4%B1za%20e%C5%9Flik%20etmeye%20geldi..%22%2C%22price%22%3A%221300%20TL%20%2F%20Kg%22%7D%2C%7B%22title%22%3A%22Zencefilli%20K%C4%B1t%C4%B1r%22%2C%22text%22%3A%22Zencefilli%20incecik%20k%C4%B1t%C4%B1r%20k%C4%B1t%C4%B1r%20bir%20at%C4%B1%C5%9Ft%C4%B1rmal%C4%B1k..%20%C3%87ay%C4%B1n%C4%B1za%20e%C5%9Flik%20etmeye%20geldi..%22%2C%22price%22%3A%221300%20TL%20%2F%20Kg%22%7D%2C%7B%22title%22%3A%22Galet%20Susaml%C4%B1%22%2C%22text%22%3A%22(200%20gr)%22%2C%22price%22%3A%22200%20TL%20%2F%20Paket%22%7D%2C%7B%22title%22%3A%22Galet%20%C3%87%C3%B6rekotlu%22%2C%22text%22%3A%22(200%20gr)%22%2C%22price%22%3A%22200%20TL%20%2F%20Paket%22%7D%2C%7B%22title%22%3A%22Galet%20Ka%C5%9Farl%C4%B1%22%2C%22text%22%3A%22(200%20gr)%22%2C%22price%22%3A%22200%20TL%20%2F%20Paket%22%7D%2C%7B%22title%22%3A%22Galet%20Anasonlu%22%2C%22text%22%3A%22(200%20gr)%22%2C%22price%22%3A%22200%20TL%20%2F%20Paket%22%7D%2C%7B%22title%22%3A%22Baton%20Sale%20Sade%20(200%20gr)%22%2C%22text%22%3A%22K%C4%B1t%C4%B1r%20k%C4%B1t%C4%B1r%20sade%20baton%20sale%20%C3%A7ubuklar..%22%2C%22price%22%3A%22200%20TL%20%2F%20Paket%22%7D%2C%7B%22title%22%3A%22Baton%20Sale%20%C3%87%C3%B6rekotlu%20(200%20gr)%22%2C%22text%22%3A%22K%C4%B1t%C4%B1r%20k%C4%B1t%C4%B1r%20%C3%A7%C3%B6rekotlu%20baton%20sale%20%C3%A7ubuklar..%22%2C%22price%22%3A%22200%20TL%20%2F%20Paket%22%7D%2C%7B%22title%22%3A%22Baton%20Sale%20Ka%C5%9Farl%C4%B1%20(200%20gr)%22%2C%22text%22%3A%22K%C4%B1t%C4%B1r%20k%C4%B1t%C4%B1r%20ka%C5%9Farl%C4%B1%20baton%20sale%20%C3%A7ubuklar..%22%2C%22price%22%3A%22200%20TL%20%2F%20Paket%22%7D%2C%7B%22title%22%3A%22Baton%20Sale%20Anasonlu%20(200%20gr)%22%2C%22text%22%3A%22K%C4%B1t%C4%B1r%20k%C4%B1t%C4%B1r%20anasonlu%20baton%20sale%20%C3%A7ubuklar..%22%2C%22price%22%3A%22200%20TL%20%2F%20Paket%22%7D%2C%7B%22title%22%3A%22K%C4%B1r%C4%B1k%20K%C4%B1rak%20Susaml%C4%B1%20(200%20gr)%22%2C%22text%22%3A%22K%C4%B1t%C4%B1r%20k%C4%B1t%C4%B1r%20susaml%C4%B1%20k%C4%B1r%C4%B1k%20k%C4%B1rak..%20Evde%2C%20i%C5%9F%20yerinde%2C%20her%20yerde..%22%2C%22price%22%3A%22200%20TL%20%2F%20Paket%22%7D%5D&#8221;][\/vc_column_inner][\/vc_row_inner][\/vc_column][\/vc_row][vc_row][vc_column][vc_column_text]<\/p>\n<p><strong><\/p>\n<p>01.02.2026 tarihinden itibaren ge\u00e7erli fiyatlard\u0131r. T\u00fcm fiyatlar KDV dahil TL&#8217;d\u0131r.<\/p>\n<p><\/strong><\/p>\n<p>[\/vc_column_text][tm_spacer size=&#8221;lg:90&#8243;][\/vc_column][\/vc_row]<\/p>\n","protected":false},"excerpt":{"rendered":"<p>[vc_row full_width=&#8221;stretch_row&#8221; background_image=&#8221;7146&#8243; background_position=&#8221;center&#8221;][vc_column][tm_spacer size=&#8221;lg:200&#8243;][tm_heading custom_google_font=&#8221;&#8221; font_weight=&#8221;700&#8243; text_transform=&#8221;uppercase&#8221; align=&#8221;center&#8221; text_color=&#8221;custom&#8221; custom_text_color=&#8221;#ffffff&#8221; text=&#8221;TUZLU KURAB\u0130YELER&#8221; font_size=&#8221;sm:34;md:40;lg:46&#8243; line_height=&#8221;1.22&#8243; letter_spacing=&#8221;3px&#8221;][tm_spacer size=&#8221;lg:100&#8243;][\/vc_column][\/vc_row][vc_row][vc_column][tm_spacer size=&#8221;lg:30&#8243;][\/vc_column][\/vc_row][vc_row hide_background_image=&#8221;sm&#8221; background_size=&#8221;contain&#8221; lg_spacing=&#8221;margin_top:270;margin_right:-100;margin_bottom:157&#8243; background_image=&#8221;7146&#8243; background_position=&#8221;top right&#8221; md_spacing=&#8221;margin_top:100&#8243; sm_spacing=&#8221;margin_bottom:120&#8243;][vc_column lg_spacing=&#8221;padding_right:30;padding_left:30&#8243; offset=&#8221;vc_col-md-6&#8243;][vc_row_inner background_color=&#8221;custom&#8221; custom_background_color=&#8221;#faf7f4&#8243; lg_spacing=&#8221;margin_top:-177;margin_right:50;margin_bottom:70;margin_left:-70;padding_top:52;padding_right:27;padding_bottom:66;padding_left:27&#8243; sm_spacing=&#8221;margin_top:400;margin_bottom:0&#8243;][vc_column_inner][tm_heading custom_google_font=&#8221;&#8221; font_weight=&#8221;400&#8243; align=&#8221;center&#8221; text_color=&#8221;primary&#8221; el_class=&#8221;secondary-font&#8221; text=&#8221;La Vita F\u0131r\u0131n\u0131ndan&#8221; font_size=&#8221;sm:28;md:34;lg:40&#8243; line_height=&#8221;1.4&#8243;][tm_spacer size=&#8221;lg:2&#8243;][tm_heading custom_google_font=&#8221;&#8221; font_weight=&#8221;700&#8243; text_transform=&#8221;uppercase&#8221; align=&#8221;center&#8221; text=&#8221;TUZLU KURAB\u0130YELER&#8221; font_size=&#8221;sm:34;md:40;lg:46&#8243; line_height=&#8221;1.22&#8243; letter_spacing=&#8221;3px&#8221;][tm_spacer size=&#8221;lg:53&#8243;][tm_restaurant_menu style=&#8221;2&#8243; items=&#8221;%5B%7B%22title%22%3A%22Peynirli%20B%C3%B6rekitas%22%2C%22text%22%3A%22Yumu%C5%9Fac%C4%B1k%20hamur%20i%C3%A7inde%20gizli%20enfes%20peynir%20lezzeti%E2%80%A6%22%2C%22price%22%3A%221000%20TL%20%2F%20Kg%22%7D%2C%7B%22title%22%3A%22Ispanakl%C4%B1%20B%C3%B6rekitas%22%2C%22text%22%3A%22Yumu%C5%9Fac%C4%B1k%20hamur%20i%C3%A7inde%20gizli%20enfes%20%C4%B1spanak%20lezzeti%E2%80%A6%22%2C%22price%22%3A%221000%20TL%20%2F%20Kg%22%7D%2C%7B%22title%22%3A%22Zeytinli%20B%C3%B6rekitas%22%2C%22text%22%3A%22Yumu%C5%9Fac%C4%B1k%20hamur%20i%C3%A7inde%20gizli%20enfes%20zeytinli%20lezzet&#8230;%22%2C%22price%22%3A%221000%20TL%20%2F%20Kg%22%7D%2C%7B%22title%22%3A%22Dereotlu%20Peynirli%20B%C3%B6rekitas%22%2C%22text%22%3A%22Nefis%20hamur%20i%C3%A7inde%20saklanm%C4%B1%C5%9F%20dereotu%20ve%20peynirin%20e%C5%9Fsiz%20uyumu..%22%2C%22price%22%3A%221000%20TL%20%2F%20Kg%22%7D%2C%7B%22title%22%3A%22Patatesli%20B%C3%B6rekitas%22%2C%22text%22%3A%22Yumu%C5%9Fac%C4%B1k%20nefis%20hamur%20i%C3%A7inde%20gizli%20ha%C5%9Flanm%C4%B1%C5%9F%20patates..%22%2C%22price%22%3A%221000%20TL%20%2F%20Kg%22%7D%2C%7B%22title%22%3A%22Dereotlu%20Kornet%22%2C%22text%22%3A%22Krem%20peynir%20dolgulu%2C%20dereotlu%20nefis%20%C3%A7%C4%B1t%C4%B1r%20kornet..%22%2C%22price%22%3A%221000%20TL%20%2F%20Kg%22%7D%2C%7B%22title%22%3A%22Sebzeli%20Kornet%22%2C%22text%22%3A%22Krem%20peynir%20dolgulu%2C%20dereotlu%20nefis%20%C3%A7%C4%B1t%C4%B1r%20kornet..%22%2C%22price%22%3A%221000%20TL%20%2F%20Kg%22%7D%2C%7B%22title%22%3A%22Patl%C4%B1canl%C4%B1%20Kornet%22%2C%22text%22%3A%22Krem%20peynir%20dolgulu%2C%20dereotlu%20nefis%20%C3%A7%C4%B1t%C4%B1r%20kornet..%22%2C%22price%22%3A%221000%20TL%20%2F%20Kg%22%7D%2C%7B%22title%22%3A%22Safranl%C4%B1%20Dereotlu%20Sufle%22%2C%22text%22%3A%22Yumu%C5%9Fac%C4%B1k%2C%20safranl%C4%B1%2C%20dereotlu%2C%20tuzlu%20sufle.%22%2C%22price%22%3A%221000%20TL%20%2F%20Kg%22%7D%2C%7B%22title%22%3A%22D%C3%BCz%20%C3%96rg%C3%BC%20Chester%22%2C%22text%22%3A%22Nefis%20mi%20nefis%2C%20%C3%A7%C3%B6rek%20otlu%20%C3%B6rg%C3%BC%20chester%20kurabiye.%22%2C%22price%22%3A%221000%20TL%20%2F%20Kg%22%7D%2C%7B%22title%22%3A%22Yuvarlak%20%C3%96rg%C3%BC%20Chester%22%2C%22text%22%3A%22Nefis%20mi%20nefis%2C%20%C3%A7%C3%B6rek%20otlu%20%C3%B6rg%C3%BC%20chester%20kurabiye.%22%2C%22price%22%3A%221000%20TL%20%2F%20Kg%22%7D%2C%7B%22title%22%3A%22Minik%20Simit%22%2C%22text%22%3A%22Nefis%20mi%20nefis%2C%20%C3%A7%C3%B6rek%20otlu%20%C3%B6rg%C3%BC%20chester%20kurabiye.%22%2C%22price%22%3A%221000%20TL%20%2F%20Kg%22%7D%5D&#8221;][\/vc_column_inner][\/vc_row_inner][\/vc_column][vc_column offset=&#8221;vc_col-md-6&#8243;][\/vc_column][\/vc_row][vc_row background_size=&#8221;manual&#8221; background_image=&#8221;7150&#8243; background_size_manual=&#8221;70%&#8221;][vc_column offset=&#8221;vc_col-md-6&#8243;][\/vc_column][vc_column lg_spacing=&#8221;padding_right:30;padding_left:30&#8243; offset=&#8221;vc_col-md-6&#8243;][vc_row_inner background_color=&#8221;custom&#8221; custom_background_color=&#8221;#faf7f4&#8243; lg_spacing=&#8221;margin_top:-155;padding_top:52;padding_right:27;padding_bottom:66;padding_left:27&#8243; xs_spacing=&#8221;margin_top:400&#8243;][vc_column_inner][tm_heading custom_google_font=&#8221;&#8221; font_weight=&#8221;400&#8243; align=&#8221;center&#8221; text_color=&#8221;primary&#8221; el_class=&#8221;secondary-font&#8221; text=&#8221;La Vita F\u0131r\u0131n\u0131ndan&#8221; font_size=&#8221;sm:28;md:34;lg:40&#8243; line_height=&#8221;1.4&#8243;][tm_spacer size=&#8221;lg:2&#8243;][tm_heading custom_google_font=&#8221;&#8221; font_weight=&#8221;700&#8243; text_transform=&#8221;uppercase&#8221; align=&#8221;center&#8221; text=&#8221;KITIR &#038; GALET BATON SALE&#8221; font_size=&#8221;sm:34;md:40;lg:46&#8243; line_height=&#8221;1.22&#8243; letter_spacing=&#8221;3px&#8221;][tm_spacer size=&#8221;lg:53&#8243;][tm_restaurant_menu style=&#8221;2&#8243; items=&#8221;%5B%7B%22title%22%3A%22Baharatl%C4%B1%20K%C4%B1t%C4%B1r%22%2C%22text%22%3A%22%C4%B0nce%20k%C4%B1t%C4%B1r%20hamur%2C%20%C3%A7%C3%B6rek%20otu%2C%20nane%20ve%20susam%20i%C3%A7eri%C4%9Fiyle%20%C3%A7ay%C4%B1n%20yan%C4%B1na%20yak%C4%B1%C5%9F%C4%B1r%20bir%20lezzet..%22%2C%22price%22%3A%221300%20TL%20%2F%20Kg%22%7D%2C%7B%22title%22%3A%22Ka%C5%9Farl%C4%B1%20K%C4%B1t%C4%B1r%22%2C%22text%22%3A%22%C4%B0ncecik%20k%C4%B1t%C4%B1r%20k%C4%B1t%C4%B1r%20bir%20at%C4%B1%C5%9Ft%C4%B1rmal%C4%B1k..%20%C3%87ay%C4%B1n%C4%B1za%20e%C5%9Flik%20etmeye%20geldi..%22%2C%22price%22%3A%221300%20TL%20%2F%20Kg%22%7D%2C%7B%22title%22%3A%22Ac%C4%B1l%C4%B1%20K%C4%B1t%C4%B1r%22%2C%22text%22%3A%22%C4%B0ncecik%20k%C4%B1t%C4%B1r%20k%C4%B1t%C4%B1r%20bir%20at%C4%B1%C5%9Ft%C4%B1rmal%C4%B1k..%20%C3%87ay%C4%B1n%C4%B1za%20e%C5%9Flik%20etmeye%20geldi..%22%2C%22price%22%3A%221300%20TL%20%2F%20Kg%22%7D%2C%7B%22title%22%3A%22Zencefilli%20K%C4%B1t%C4%B1r%22%2C%22text%22%3A%22Zencefilli%20incecik%20k%C4%B1t%C4%B1r%20k%C4%B1t%C4%B1r%20bir%20at%C4%B1%C5%9Ft%C4%B1rmal%C4%B1k..%20%C3%87ay%C4%B1n%C4%B1za%20e%C5%9Flik%20etmeye%20geldi..%22%2C%22price%22%3A%221300%20TL%20%2F%20Kg%22%7D%2C%7B%22title%22%3A%22Galet%20Susaml%C4%B1%22%2C%22text%22%3A%22(200%20gr)%22%2C%22price%22%3A%22200%20TL%20%2F%20Paket%22%7D%2C%7B%22title%22%3A%22Galet%20%C3%87%C3%B6rekotlu%22%2C%22text%22%3A%22(200%20gr)%22%2C%22price%22%3A%22200%20TL%20%2F%20Paket%22%7D%2C%7B%22title%22%3A%22Galet%20Ka%C5%9Farl%C4%B1%22%2C%22text%22%3A%22(200%20gr)%22%2C%22price%22%3A%22200%20TL%20%2F%20Paket%22%7D%2C%7B%22title%22%3A%22Galet%20Anasonlu%22%2C%22text%22%3A%22(200%20gr)%22%2C%22price%22%3A%22200%20TL%20%2F%20Paket%22%7D%2C%7B%22title%22%3A%22Baton%20Sale%20Sade%20(200%20gr)%22%2C%22text%22%3A%22K%C4%B1t%C4%B1r%20k%C4%B1t%C4%B1r%20sade%20baton%20sale%20%C3%A7ubuklar..%22%2C%22price%22%3A%22200%20TL%20%2F%20Paket%22%7D%2C%7B%22title%22%3A%22Baton%20Sale%20%C3%87%C3%B6rekotlu%20(200%20gr)%22%2C%22text%22%3A%22K%C4%B1t%C4%B1r%20k%C4%B1t%C4%B1r%20%C3%A7%C3%B6rekotlu%20baton%20sale%20%C3%A7ubuklar..%22%2C%22price%22%3A%22200%20TL%20%2F%20Paket%22%7D%2C%7B%22title%22%3A%22Baton%20Sale%20Ka%C5%9Farl%C4%B1%20(200%20gr)%22%2C%22text%22%3A%22K%C4%B1t%C4%B1r%20k%C4%B1t%C4%B1r%20ka%C5%9Farl%C4%B1%20baton%20sale%20%C3%A7ubuklar..%22%2C%22price%22%3A%22200%20TL%20%2F%20Paket%22%7D%2C%7B%22title%22%3A%22Baton%20Sale%20Anasonlu%20(200%20gr)%22%2C%22text%22%3A%22K%C4%B1t%C4%B1r%20k%C4%B1t%C4%B1r%20anasonlu%20baton%20sale%20%C3%A7ubuklar..%22%2C%22price%22%3A%22200%20TL%20%2F%20Paket%22%7D%2C%7B%22title%22%3A%22K%C4%B1r%C4%B1k%20K%C4%B1rak%20Susaml%C4%B1%20(200%20gr)%22%2C%22text%22%3A%22K%C4%B1t%C4%B1r%20k%C4%B1t%C4%B1r%20susaml%C4%B1%20k%C4%B1r%C4%B1k%20k%C4%B1rak..%20Evde%2C%20i%C5%9F%20yerinde%2C%20her%20yerde..%22%2C%22price%22%3A%22200%20TL%20%2F%20Paket%22%7D%5D&#8221;][\/vc_column_inner][\/vc_row_inner][\/vc_column][\/vc_row][vc_row][vc_column][vc_column_text] 01.02.2026 tarihinden itibaren ge\u00e7erli fiyatlard\u0131r. T\u00fcm fiyatlar KDV dahil TL&#8217;d\u0131r. [\/vc_column_text][tm_spacer size=&#8221;lg:90&#8243;][\/vc_column][\/vc_row]<\/p>\n","protected":false},"author":1,"featured_media":0,"parent":0,"menu_order":0,"comment_status":"closed","ping_status":"closed","template":"","meta":{"two_page_speed":[],"footnotes":""},"class_list":["post-6748","page","type-page","status-publish","hentry","post-no-thumbnail"],"_links":{"self":[{"href":"https:\/\/www.lavita.com.tr\/yeni\/wp-json\/wp\/v2\/pages\/6748","targetHints":{"allow":["GET"]}}],"collection":[{"href":"https:\/\/www.lavita.com.tr\/yeni\/wp-json\/wp\/v2\/pages"}],"about":[{"href":"https:\/\/www.lavita.com.tr\/yeni\/wp-json\/wp\/v2\/types\/page"}],"author":[{"embeddable":true,"href":"https:\/\/www.lavita.com.tr\/yeni\/wp-json\/wp\/v2\/users\/1"}],"replies":[{"embeddable":true,"href":"https:\/\/www.lavita.com.tr\/yeni\/wp-json\/wp\/v2\/comments?post=6748"}],"version-history":[{"count":0,"href":"https:\/\/www.lavita.com.tr\/yeni\/wp-json\/wp\/v2\/pages\/6748\/revisions"}],"wp:attachment":[{"href":"https:\/\/www.lavita.com.tr\/yeni\/wp-json\/wp\/v2\/media?parent=6748"}],"curies":[{"name":"wp","href":"https:\/\/api.w.org\/{rel}","templated":true}]}}